{"id":2046,"date":"2015-05-27T11:37:28","date_gmt":"2015-05-27T09:37:28","guid":{"rendered":"https:\/\/letourdalex.ilinux.fr\/?page_id=2046"},"modified":"2015-05-27T11:37:28","modified_gmt":"2015-05-27T09:37:28","slug":"4-et-le-retour","status":"publish","type":"page","link":"https:\/\/letourdalex.ilinux.fr\/?page_id=2046","title":{"rendered":"4 &#8211; Et le retour ?"},"content":{"rendered":"<p>Vous \u00eates dans le menu \u00ab\u00a0Se pr\u00e9parer\u00a0\u00bb. Se pr\u00e9parer au d\u00e9part, oui. Et se pr\u00e9parer au retour ?<\/p>\n<figure id=\"attachment_2058\" aria-describedby=\"caption-attachment-2058\" style=\"width: 640px\" class=\"wp-caption aligncenter\"><a href=\"https:\/\/letourdalex.files.wordpress.com\/2015\/05\/le-retour.jpg\"><img loading=\"lazy\" decoding=\"async\" class=\"wp-image-2058 size-large\" src=\"https:\/\/letourdalex.files.wordpress.com\/2015\/05\/le-retour.jpg?w=640\" alt=\"Le retour\" width=\"640\" height=\"327\" \/><\/a><figcaption id=\"caption-attachment-2058\" class=\"wp-caption-text\">En 1 an de voyage, on a le temps de changer !<\/figcaption><\/figure>\n<p>&nbsp;<\/p>\n<p>Je pourrais tr\u00e8s bien vous dire de profiter de chaque instant jusqu&rsquo;au jour de votre retour, mais ici nous parlons bien de savoir comment se remettre rapidement et plus facilement d&rsquo;un long voyage.<\/p>\n<p>Pour ma part, oblig\u00e9 de prendre la voiture et d&rsquo;aller n&rsquo;importe o\u00f9. Oblig\u00e9 de marcher et de faire des balades autour de chez moi. \u00c7a a dur\u00e9 quelques jours&#8230; et puis \u00e7a s&rsquo;est calm\u00e9.<br \/>\nIl m&rsquo;a fallu environ 3 mois avant de vraiment reprendre un mode de vie \u00ab\u00a0normal\u00a0\u00bb, sans la pulsion quotidienne de vouloir m&rsquo;extirper de la routine, et de repartir.<\/p>\n<p>Comme vous vous \u00eates fix\u00e9 une date de d\u00e9part, fixez-vous une date de retour. Au mois pr\u00e8s. Et lorsque vous serez proche du retour, fixez-vous une date au jour pr\u00e8s.<\/p>\n<p><span style=\"text-decoration: underline;\">L&rsquo;importance du but pr\u00e9cis<strong><br \/>\n<\/strong><\/span>Allons m\u00eame jusqu&rsquo;\u00e0 parler de qu\u00eate !<br \/>\nFixez-vous un point de d\u00e9part, et le m\u00eame au retour. Que ce soit chez vous ou un endroit plus symbolique, de sorte que vous puissiez vous dire : \u00ab\u00a0c&rsquo;est fini, il n&rsquo;y a plus aucune distance \u00e0 parcourir\u00a0\u00bb. C&rsquo;est un peu triste de dire \u00e7a, mais d\u00eetes-le vous plusieurs jours avant m\u00eame de rentrer : \u00ab\u00a0c&rsquo;est fini&#8230;\u00a0\u00bb. Mettez-vous dans le cr\u00e2ne qu&rsquo;en arrivant sur le sol europ\u00e9en, vous \u00eates d\u00e9j\u00e0 rentr\u00e9, particuli\u00e8rement si vous d\u00e9cidez de vous arr\u00eater dans des grandes villes ou des capitales europ\u00e9ennes car il est pr\u00e9f\u00e9rable, pour un retour sans trop de dommages moraux, d&rsquo;\u00eatre au plus proche de \u00ab\u00a0l&rsquo;occidentalit\u00e9\u00a0\u00bb les derniers jours, et cela passe par les grandes villes.<\/p>\n<figure id=\"attachment_2065\" aria-describedby=\"caption-attachment-2065\" style=\"width: 640px\" class=\"wp-caption aligncenter\"><a href=\"https:\/\/letourdalex.files.wordpress.com\/2015\/05\/grc3a8ce-retour.jpg\"><img loading=\"lazy\" decoding=\"async\" class=\"wp-image-2065 size-large\" src=\"https:\/\/letourdalex.files.wordpress.com\/2015\/05\/grc3a8ce-retour.jpg?w=640\" alt=\"Redevenez touriste les quelques jours qui pr\u00e9c\u00e8dent le retour\" width=\"640\" height=\"160\" \/><\/a><figcaption id=\"caption-attachment-2065\" class=\"wp-caption-text\">Redevenez touriste les quelques jours qui pr\u00e9c\u00e8dent le retour<\/figcaption><\/figure>\n<p>\u00ab\u00a0C&rsquo;est fini\u00a0\u00bb, \u00ab\u00a0c&rsquo;est fini\u00a0\u00bb, \u00ab\u00a0c&rsquo;est fini\u00a0\u00bb&#8230; R\u00e9p\u00e9tez-vous cela, au point que le vrai retour &#8211; le tout dernier jour &#8211; ne soit qu&rsquo;une simple formalit\u00e9 dans votre esprit.<br \/>\nOui je sais, les mots \u00ab\u00a0simples formalit\u00e9s\u00a0\u00bb sont terriblement r\u00e9ducteurs. Il ne dissimulera pas la joie que vous aurez de retrouver vos amis et votre famille. L&rsquo;un des plus beaux jours de votre vie ! Mais on ne s&rsquo;en rend pas compte sur le coup ! Vous aurez l&rsquo;impression de les avoir quitt\u00e9 la veille tandis que de leur c\u00f4t\u00e9, le temps s&rsquo;est \u00e9coul\u00e9 beaucoup plus lentement.<br \/>\nLeur joie sera largement plus intense que la votre, ce qui est tout \u00e0 fait normal : tous vos sens ont \u00e9t\u00e9 tourn\u00e9 vers le voyage, la d\u00e9couverte de l&rsquo;inconnu et, au fil des mois, vous avez accord\u00e9 \u00e0 ceux qui vous attendaient au pays une part moins importante dans vos pens\u00e9es.<br \/>\nC&rsquo;est la raison pour laquelle certains voyageurs partent pour finalement ne plus revenir. Ou bien ils reviennent, et repartent aussit\u00f4t.<br \/>\nEn premier lieu, ayez un but, une qu\u00eate, un projet quel qu&rsquo;il soit, qui doit passer par un retour au point de d\u00e9part, pour que ce voyage soit consid\u00e9r\u00e9 comme totalement achev\u00e9.<br \/>\nPour ma part, j&rsquo;avais d\u00e9cid\u00e9 de faire un long-m\u00e9trage, avec l&rsquo;id\u00e9e de partir du sommet du Puy-de-D\u00f4me pour revenir au m\u00eame endroit, un an plus tard (la vid\u00e9o <a href=\"https:\/\/letourdalex.ilinux.fr\/index.php\/1877-2\/\" target=\"_blank\" rel=\"noopener noreferrer\">ici<\/a>).<\/p>\n<figure id=\"attachment_2059\" aria-describedby=\"caption-attachment-2059\" style=\"width: 300px\" class=\"wp-caption aligncenter\"><a href=\"https:\/\/letourdalex.files.wordpress.com\/2015\/05\/puy-de-dc3b4me.jpg\"><img loading=\"lazy\" decoding=\"async\" class=\"wp-image-2059 size-medium\" src=\"https:\/\/letourdalex.files.wordpress.com\/2015\/05\/puy-de-dc3b4me.jpg?w=300\" alt=\"Donc pour terminer ce film, il fallait bien rentrer !\" width=\"300\" height=\"223\" \/><\/a><figcaption id=\"caption-attachment-2059\" class=\"wp-caption-text\">Et pour terminer ce film, il fallait bien rentrer !<\/figcaption><\/figure>\n<p>Alors comment combattre la d\u00e9prime du retour de voyage et comment se re-familiariser avec son environnement initial ?<br \/>\nD&rsquo;abord, en se d\u00e9brouillant pour revenir durant les beaux jours, c&rsquo;est tellement mieux pour le moral !<br \/>\nRecr\u00e9ez des souvenirs, des soir\u00e9es. Remettez-vous vite au travail ! Occupez votre esprit, bougez, sortez, soyez actifs ! Toutes les occasions sont bonnes. Soyez accompagn\u00e9s. Forcez les rencontres, ce qui ne sera pas trop difficile dans votre cas \u00e9tant donn\u00e9 les milliers de connaissances que vous avez fait durant votre p\u00e9riple&#8230;Une bonne id\u00e9e est celle de proposer votre canap\u00e9 en couchsurfing. Pour parler de votre voyage, il n&rsquo;y a pas mieux. Oui, parce ce que vous allez finir par vite so\u00fbler vos amis proches avec vos vieilles anecdotes de nomade ! En covoiturage, c&rsquo;est un sujet de conversation sans fin !<br \/>\nRappelez vos connaissances perdues de vue (autrement dit, environ 99% de vos amis facebook&#8230;).<\/p>\n<p>Retenez bien 3 choses, l&rsquo;une avant le d\u00e9part, l&rsquo;autre durant le voyage et la derni\u00e8re un peu avant le retour :<\/p>\n<p><span style=\"text-decoration: underline;\">1) Partez quand tout va bien<\/span><br \/>\nPartir quand tout va bien est la meilleure raison pour avoir le courage de rentrer. Parce qu&rsquo;il en faut du courage pour rentrer. La d\u00e9couverte de l&rsquo;inconnu \u00e9tait devenu votre fa\u00e7on de vivre, le retour \u00e0 la vie normale devient votre plus grande crainte. Une crainte qui grandit jour apr\u00e8s jour. Mais elle s&rsquo;estompera plus vite, si au d\u00e9part vous n&rsquo;avez rien fuit.<\/p>\n<p><span style=\"text-decoration: underline;\">2) Des projets plein la t\u00eate<\/span><br \/>\nDurant toutes ces heures d&rsquo;avion, de train ou de bus, prenez le temps de r\u00e9fl\u00e9chir \u00e0 ce que vous comptez faire en rentrant ; \u00e0 des projets personnels ou professionnels ; \u00e0 ce que vous aimeriez changer en vous ou dans vos anciennes habitudes de s\u00e9dentaire.<\/p>\n<p><span style=\"text-decoration: underline;\">3) Le retour en douceur<\/span><br \/>\nCommencez \u00e0 vous d\u00e9placer moins vite. R\u00e9duisez la vitesse de croisi\u00e8re et prenez le temps de vous \u00ab\u00a0re-occidentaliser\u00a0\u00bb les derniers jours de voyage.<br \/>\nIl aurait \u00e9t\u00e9 bien diff\u00e9rent de faire une ann\u00e9e compl\u00e8te dans un seul et unique pays lointain, et devoir prendre l&rsquo;avion pour atterrir brutalement \u00e0 Roissy, sans aucune transition. La notion de tour du monde prend tout son sens lorsqu&rsquo;on rentre par des moyens de locomotions locaux, en restant sur le plancher des vaches, en voyant d\u00e9filer les paysages et en s&rsquo;arr\u00eatant quelques temps dans plusieurs villes d&rsquo;Europe. Fa\u00eetes-le jusqu&rsquo;au bout si vous le pouvez.<br \/>\nLa \u00ab\u00a0r\u00e9-occidentalisation\u00a0\u00bb. Voil\u00e0 le ma\u00eetre-mot.<br \/>\nPour ma part, j&rsquo;ai gard\u00e9 un peu de temps pour rentrer tranquillement en passant par \/les Balkans jusqu&rsquo;en Italie. Ce sont toujours des endroits d\u00e9paysants, mais en passant par les grandes villes, ils permettent de vous mettre progressivement dans l&rsquo;id\u00e9e que c&rsquo;est fini.<\/p>\n<p>L&rsquo;avantage d&rsquo;un tour du monde, c&rsquo;est de traverser des dizaines de pays diff\u00e9rents.<br \/>\nAu final, une fois rentr\u00e9, ce n&rsquo;est pas vraiment un pays en particulier qui vous manque. Vous les avez finalement tous aim\u00e9, sans trop avoir de nostalgie pour l&rsquo;un ou pour l&rsquo;autre. C&rsquo;est d&rsquo;ailleurs un gros atout pour vous remettre plus rapidement d&rsquo;un tel p\u00e9riple !<br \/>\nCe qui vous manquera le plus, ce sont les gens que vous avez rencontr\u00e9s, mais c&rsquo;est surtout l&rsquo;id\u00e9e du <em>Voyage<\/em>, la fa\u00e7on de vivre au jour le jour, qui a \u00e9t\u00e9 votre style de vie durant des mois. C&rsquo;est ce mode vie qui va vous manquer durant un temps.<\/p>\n<p>Si vous ne pouvez pas \u00eatre partout en m\u00eame temps et revoir tous les gens que vous avez rencontr\u00e9s durant votre voyage, vous pouvez au moins recr\u00e9er des choses avec ceux qui ont attendu votre retour durant des mois. Les vrais ! Et pas besoin d&rsquo;aller tr\u00e8s loin, pour vous sentir \u00e0 nouveau dans le contexte du voyage. Un week-end prolong\u00e9 dans une autre ville de France ou dans un pays limitrophe fera tr\u00e8s bien l&rsquo;affaire.<\/p>\n<p>M\u00eame si votre <em>Grand Voyage<\/em> sera toujours num\u00e9ro 1 sur le podium, ces petites excursions mises bout \u00e0 bout prendront le dessus petit \u00e0 petit, et vous permettront de moins sacraliser la <em>Grande \u00c9pop\u00e9e<\/em>.<br \/>\nVous pouvez aussi prolonger le voyage en faisant un album photo, un film, un diaporama, un livre&#8230; Et n&rsquo;h\u00e9sitez pas \u00e0 relire vos carnets de notes ou votre blog, histoire que vous vous souveniez autant des bons que des mauvais moments. \u00c7a aide !<\/p>\n<p>Et bonne nouvelle : plus vous voyagez par la suite, moins la d\u00e9prime du retour de voyage se fait ressentir.<\/p>\n<p>Vous avez fait quelque chose que l&rsquo;immense majorit\u00e9 de votre entourage n&rsquo;a jamais fait. Vous avez rat\u00e9 des \u00e9v\u00e8nements au pays oui, mais votre entourage aussi a rat\u00e9 des choses en ne voyageant pas !<br \/>\nApr\u00e8s votre retour, la vie de tous les jours aura un go\u00fbt d\u00e9finitivement diff\u00e9rent, c&rsquo;est s\u00fbr. Mais au final, tellement plus de saveur !<\/p>\n","protected":false},"excerpt":{"rendered":"<p>Vous \u00eates dans le menu \u00ab\u00a0Se pr\u00e9parer\u00a0\u00bb. Se pr\u00e9parer au d\u00e9part, oui. Et se pr\u00e9parer au retour ? &nbsp; Je pourrais tr\u00e8s bien vous dire de profiter de chaque instant jusqu&rsquo;au jour de votre retour, mais ici nous parlons bien de savoir comment se remettre rapidement et plus facilement d&rsquo;un long voyage. Pour ma part, &hellip; <a href=\"https:\/\/letourdalex.ilinux.fr\/?page_id=2046\" class=\"more-link\">Continuer la lecture de <span class=\"screen-reader-text\">4 &#8211; Et le retour ?<\/span>  <span class=\"meta-nav\">&rarr;<\/span><\/a><\/p>\n","protected":false},"author":1,"featured_media":0,"parent":0,"menu_order":0,"comment_status":"open","ping_status":"open","template":"","meta":{"footnotes":""},"class_list":["post-2046","page","type-page","status-publish","hentry"],"_links":{"self":[{"href":"https:\/\/letourdalex.ilinux.fr\/index.php?rest_route=\/wp\/v2\/pages\/2046","targetHints":{"allow":["GET"]}}],"collection":[{"href":"https:\/\/letourdalex.ilinux.fr\/index.php?rest_route=\/wp\/v2\/pages"}],"about":[{"href":"https:\/\/letourdalex.ilinux.fr\/index.php?rest_route=\/wp\/v2\/types\/page"}],"author":[{"embeddable":true,"href":"https:\/\/letourdalex.ilinux.fr\/index.php?rest_route=\/wp\/v2\/users\/1"}],"replies":[{"embeddable":true,"href":"https:\/\/letourdalex.ilinux.fr\/index.php?rest_route=%2Fwp%2Fv2%2Fcomments&post=2046"}],"version-history":[{"count":0,"href":"https:\/\/letourdalex.ilinux.fr\/index.php?rest_route=\/wp\/v2\/pages\/2046\/revisions"}],"wp:attachment":[{"href":"https:\/\/letourdalex.ilinux.fr\/index.php?rest_route=%2Fwp%2Fv2%2Fmedia&parent=2046"}],"curies":[{"name":"wp","href":"https:\/\/api.w.org\/{rel}","templated":true}]}}