{"id":1877,"date":"2014-05-25T17:58:09","date_gmt":"2014-05-25T15:58:09","guid":{"rendered":"https:\/\/letourdalex.ilinux.fr\/?page_id=1877"},"modified":"2021-03-21T15:15:16","modified_gmt":"2021-03-21T13:15:16","slug":"1877-2","status":"publish","type":"page","link":"https:\/\/letourdalex.ilinux.fr\/?page_id=1877","title":{"rendered":"\u00ab\u00a010CA74069 &#8211; 1 an autour du monde\u00a0\u00bb"},"content":{"rendered":"<p>Nous y voil\u00e0 ! 18h de bandes vid\u00e9os pour au final un peu plus de 2h de film.<br \/>\nJ&rsquo;ai mis plusieurs mois (ann\u00e9es&#8230;) pour faire ce montage, mais il est enfin achev\u00e9 !<\/p>\n<p>1 an de voyage autour du monde, film\u00e9 entre le 16 Ao\u00fbt 2010 et le 10 Septembre 2011.<\/p>\n<p>M\u00e9lange entre tourisme et voyage, documentaire et reportage ; avec quelques envol\u00e9es artistiques parfois, mais qui correspondaient toujours \u00e0 mon \u00e9tat d&rsquo;esprit et au ressenti du moment.<\/p>\n<p>\u00ab\u00a010CA74069\u00a0\u00bb comme le num\u00e9ro de mon passeport pour un voyage en solo (m\u00eame si on est jamais vraiment tout seul en voyage).<\/p>\n<p>Ce film a \u00e9t\u00e9 tourn\u00e9 avec mon cam\u00e9scope mini-DV (costaud et pas cher), donc d\u00e9sol\u00e9 d&rsquo;avance pour les petits probl\u00e8mes de sons, de nettet\u00e9 et de stabilit\u00e9 de l&rsquo;image. J&rsquo;esp\u00e8re en tout cas que l&rsquo;\u00e9motion procur\u00e9e par chaque pays sera bien retranscrite !<\/p>\n<p>Cliquez sur l&rsquo;image de chaque partie, la vid\u00e9o s&rsquo;ouvrira dans une nouvelle fen\u00eatre.<\/p>\n<p><span style=\"text-decoration: underline;\">ATTENTION :<\/span> Pour des raisons de droits musicaux, je passe par mon service cloud au lieu de poster la vid\u00e9o sur Youtube par exemple.<br \/>\nJe vous invite donc \u00e0 t\u00e9l\u00e9charger directement les 3 parties \u00e0 la suite.<\/p>\n<p style=\"text-align: left;\">Les 3 parties sont des fichiers .webm, visible entre autres gr\u00e2ce au lecteur vid\u00e9o VLC.<br \/>\nSi vous ne l&rsquo;avez pas, cliquez <a href=\"http:\/\/www.01net.com\/telecharger\/windows\/Multimedia\/lecteurs_video_dvd\/fiches\/23823.html\" target=\"_blank\" rel=\"noopener noreferrer\">ici<\/a> ou sur l&rsquo;image ci-dessous pour le t\u00e9l\u00e9charger :<\/p>\n<p style=\"text-align: left;\"><a href=\"http:\/\/www.01net.com\/telecharger\/windows\/Multimedia\/lecteurs_video_dvd\/fiches\/23823.html\" target=\"_blank\" rel=\"noopener noreferrer\"><img loading=\"lazy\" decoding=\"async\" class=\"wp-image-1893 aligncenter\" src=\"http:\/\/letourdalex.files.wordpress.com\/2014\/05\/vlc-image-e1401116235974.jpg?w=143\" alt=\"\" width=\"109\" height=\"114\" \/><\/a><\/p>\n<p style=\"text-align: center;\"><strong>Merci et bon film\u00a0!<br \/>\n<\/strong>PS : J&rsquo;attends vos commentaires \ud83d\ude09<strong><br \/>\n<\/strong><\/p>\n<p style=\"text-align: center;\"><span style=\"text-decoration: underline;\">1\u00e8re partie :<\/span><\/p>\n<p><a title=\"1\u00e8re partie\" href=\"https:\/\/nuage.ilinux.fr\/s\/WKFX99kBF9ffTw5\" target=\"_blank\" rel=\"noopener noreferrer\"><img loading=\"lazy\" decoding=\"async\" class=\"aligncenter wp-image-1886 size-medium\" style=\"border: 5px solid #000000;\" src=\"http:\/\/letourdalex.files.wordpress.com\/2014\/05\/1c3a8re-partie-lecture.jpg?w=300\" alt=\"1\u00e8re partie\" width=\"300\" height=\"225\" \/><\/a><\/p>\n<p style=\"text-align: center;\"><span style=\"text-decoration: underline;\">2\u00e8me partie :<\/span><\/p>\n<p style=\"text-align: center;\"><a title=\"2\u00e8me partie\" href=\"https:\/\/nuage.ilinux.fr\/s\/Lp3CXgEtGYdNGQA\" target=\"_blank\" rel=\"noopener noreferrer\"><img loading=\"lazy\" decoding=\"async\" class=\"aligncenter wp-image-1887 size-medium\" style=\"border: 5px solid #000000;\" src=\"http:\/\/letourdalex.files.wordpress.com\/2014\/05\/2c3a8me-partie-lecture.jpg?w=300\" alt=\"2\u00e8me partie\" width=\"300\" height=\"225\" \/><\/a><\/p>\n<p style=\"text-align: center;\"><span style=\"text-decoration: underline;\">3\u00e8me partie :<\/span><\/p>\n<p style=\"text-align: center;\"><a title=\"3\u00e8me partie\" href=\"https:\/\/nuage.ilinux.fr\/s\/3YN4AEXAc23M7Fr\" target=\"_blank\" rel=\"noopener noreferrer\"><img loading=\"lazy\" decoding=\"async\" class=\"aligncenter wp-image-1888 size-medium\" style=\"border: 5px solid #000000;\" src=\"http:\/\/letourdalex.files.wordpress.com\/2014\/05\/3c3a8me-partie-lecture.jpg?w=300\" alt=\"3\u00e8me partie\" width=\"300\" height=\"225\" \/><\/a><\/p>\n","protected":false},"excerpt":{"rendered":"<p>Nous y voil\u00e0 ! 18h de bandes vid\u00e9os pour au final un peu plus de 2h de film. J&rsquo;ai mis plusieurs mois (ann\u00e9es&#8230;) pour faire ce montage, mais il est enfin achev\u00e9 ! 1 an de voyage autour du monde, film\u00e9 entre le 16 Ao\u00fbt 2010 et le 10 Septembre 2011. M\u00e9lange entre tourisme et &hellip; <a href=\"https:\/\/letourdalex.ilinux.fr\/?page_id=1877\" class=\"more-link\">Continuer la lecture de <span class=\"screen-reader-text\">\u00ab\u00a010CA74069 &#8211; 1 an autour du monde\u00a0\u00bb<\/span>  <span class=\"meta-nav\">&rarr;<\/span><\/a><\/p>\n","protected":false},"author":1,"featured_media":0,"parent":0,"menu_order":0,"comment_status":"open","ping_status":"open","template":"","meta":{"footnotes":""},"class_list":["post-1877","page","type-page","status-publish","hentry"],"_links":{"self":[{"href":"https:\/\/letourdalex.ilinux.fr\/index.php?rest_route=\/wp\/v2\/pages\/1877","targetHints":{"allow":["GET"]}}],"collection":[{"href":"https:\/\/letourdalex.ilinux.fr\/index.php?rest_route=\/wp\/v2\/pages"}],"about":[{"href":"https:\/\/letourdalex.ilinux.fr\/index.php?rest_route=\/wp\/v2\/types\/page"}],"author":[{"embeddable":true,"href":"https:\/\/letourdalex.ilinux.fr\/index.php?rest_route=\/wp\/v2\/users\/1"}],"replies":[{"embeddable":true,"href":"https:\/\/letourdalex.ilinux.fr\/index.php?rest_route=%2Fwp%2Fv2%2Fcomments&post=1877"}],"version-history":[{"count":3,"href":"https:\/\/letourdalex.ilinux.fr\/index.php?rest_route=\/wp\/v2\/pages\/1877\/revisions"}],"predecessor-version":[{"id":2627,"href":"https:\/\/letourdalex.ilinux.fr\/index.php?rest_route=\/wp\/v2\/pages\/1877\/revisions\/2627"}],"wp:attachment":[{"href":"https:\/\/letourdalex.ilinux.fr\/index.php?rest_route=%2Fwp%2Fv2%2Fmedia&parent=1877"}],"curies":[{"name":"wp","href":"https:\/\/api.w.org\/{rel}","templated":true}]}}